{"id":3523,"date":"2021-09-02T23:48:15","date_gmt":"2021-09-02T23:48:15","guid":{"rendered":"https:\/\/www.extintoresdsa.com\/?page_id=3523"},"modified":"2021-09-05T05:04:19","modified_gmt":"2021-09-05T05:04:19","slug":"nosotros","status":"publish","type":"page","link":"https:\/\/www.extintoresdsa.com\/index.php\/nosotros\/","title":{"rendered":"Nosotros"},"content":{"rendered":"<p>[vc_section pix_over_visibility=&#8221;&#8221;][vc_row pix_particles_check=&#8221;&#8221;][vc_column css=&#8221;.vc_custom_1630818160063{background-color: rgba(237,237,173,0.5) !important;*background-color: rgb(237,237,173) !important;}&#8221;]<div id=\"1630817944482-01e1fb66-53a6\" class=\"text-left \"><h5 class=\"   text-heading-default \" style=\"padding-top:20px;\"  >\u00bfQUIENES SOMOS?<\/h5><div class=\"text-black     text-justify \" style=\"padding-top:20px;\"  >EXTINTORES D.S.A. es una empresa comprometida con la seguridad tanto de sus proveedores como de sus clientes, brind\u00e1ndoles el m\u00e1s alto est\u00e1ndar en sus productos y servicios de acuerdo a sus necesidades teniendo en cuenta lo importante que es la seguridad en cada Empresa, esperando as\u00ed cumplir con cada una de sus perspectivas dentro y fuera de las mismas, y con el objetivo de ser una empresa l\u00edder dentro y fuera del Estado de Quer\u00e9taro<\/div><\/div>[vc_separator][\/vc_column][\/vc_row][vc_row pix_particles_check=&#8221;&#8221;][vc_column width=&#8221;1\/2&#8243;]<div  class=\"pix-heading-el text-center \"><div><div class=\"slide-in-container\"><h4 class=\"text-body-default font-weight-bold heading-text el-title_custom_color mb-12\" style=\"\" data-anim-type=\"\" data-anim-delay=\"0\">VISI\u00d3N<\/h4><\/div><\/div><\/div><div class=\"pix-el-text slide-in-container w-100 text-center \" ><p class=\"text-18  text-dark-opacity-8 text-center \" >Ser una empresa altamente reconocida en la comercializaci\u00f3n de equipo contra incendio contando con est\u00e1ndares de c\u00e1lida, servicio y confianza, as\u00ed mismo, ofreci\u00e9ndoles a nuestros clientes las mejores alternativas y soluciones integrales en materia de seguridad mediante el servicio profesional, \u00e9tico y sobre todo responsable<\/p><\/div>[\/vc_column][vc_column width=&#8221;1\/2&#8243; pix_overlay_color=&#8221;red&#8221; css=&#8221;.vc_custom_1630817569714{background-color: #dd6a6a !important;}&#8221;]<div  class=\"pix-heading-el text-center \"><div><div class=\"slide-in-container\"><h4 class=\"text-gray-3 font-weight-bold heading-text el-title_custom_color mb-12\" style=\"\" data-anim-type=\"\" data-anim-delay=\"0\">MISI\u00d3N<\/h4><\/div><\/div><\/div><div class=\"pix-el-text slide-in-container w-100 text-center \" ><p class=\"text-18  text-white text-center \" >Comercializar equipo contra incendio de la m\u00e1s alta calidad, asumiendo el compromiso de brindarles una soluci\u00f3n integral acorde a sus requerimientos, con el respaldo de una marca l\u00edder en el mercado y un servicio de calidad<\/p><\/div>[\/vc_column][\/vc_row][vc_row pix_particles_check=&#8221;&#8221;][vc_column css=&#8221;.vc_custom_1630817877353{background-color: rgba(229,229,229,0.68) !important;*background-color: rgb(229,229,229) !important;}&#8221;]<div  class=\"pix-heading-el text-center \"><div><div class=\"slide-in-container\"><h4 class=\"text-body-default font-weight-bold heading-text el-title_custom_color mb-12\" style=\"\" data-anim-type=\"\" data-anim-delay=\"0\">OBJETIVO<\/h4><\/div><\/div><\/div><div class=\"pix-el-text slide-in-container w-100 text-center \" ><p class=\"text-18  text-dark-opacity-8 text-center \" >Cumplir con nuestros est\u00e1ndares de calidad dentro  y fuera de nuestra empresa, brindando a nuestros clientes productos de la mejor calidad y un servicio integro, volvi\u00e9ndonos l\u00edder de la competencia al brindar la oportunidad de conocer cada uno de nuestros productos, as\u00ed mismo, ser una empresa reconocida dentro del ramo cumpliendo  con las necesidades de cada uno de nuestros clientes.<\/p><\/div>[\/vc_column][\/vc_row][\/vc_section]<\/p>\n","protected":false},"excerpt":{"rendered":"[vc_section pix_over_visibility=&#8221;&#8221;][vc_row pix_particles_check=&#8221;&#8221;][vc_column css=&#8221;.vc_custom_1630818160063{background-color: rgba(237,237,173,0.5) !important;*background-color: rgb(237,237,173) !important;}&#8221;][vc_separator][\/vc_column][\/vc_row][vc_row pix_particles_check=&#8221;&#8221;][vc_column width=&#8221;1\/2&#8243;][\/vc_column][vc_column width=&#8221;1\/2&#8243; pix_overlay_color=&#8221;red&#8221; css=&#8221;.vc_custom_1630817569714{background-color: #dd6a6a !important;}&#8221;][\/vc_column][\/vc_row][vc_row pix_particles_check=&#8221;&#8221;][vc_column css=&#8221;.vc_custom_1630817877353{background-color: rgba(229,229,229,0.68) !important;*background-color: rgb(229,229,229) !important;}&#8221;][\/vc_column][\/vc_row][\/vc_section]","protected":false},"author":1,"featured_media":0,"parent":0,"menu_order":0,"comment_status":"closed","ping_status":"closed","template":"","meta":{"footnotes":""},"class_list":["post-3523","page","type-page","status-publish","hentry"],"_links":{"self":[{"href":"https:\/\/www.extintoresdsa.com\/index.php\/wp-json\/wp\/v2\/pages\/3523","targetHints":{"allow":["GET"]}}],"collection":[{"href":"https:\/\/www.extintoresdsa.com\/index.php\/wp-json\/wp\/v2\/pages"}],"about":[{"href":"https:\/\/www.extintoresdsa.com\/index.php\/wp-json\/wp\/v2\/types\/page"}],"author":[{"embeddable":true,"href":"https:\/\/www.extintoresdsa.com\/index.php\/wp-json\/wp\/v2\/users\/1"}],"replies":[{"embeddable":true,"href":"https:\/\/www.extintoresdsa.com\/index.php\/wp-json\/wp\/v2\/comments?post=3523"}],"version-history":[{"count":20,"href":"https:\/\/www.extintoresdsa.com\/index.php\/wp-json\/wp\/v2\/pages\/3523\/revisions"}],"predecessor-version":[{"id":3570,"href":"https:\/\/www.extintoresdsa.com\/index.php\/wp-json\/wp\/v2\/pages\/3523\/revisions\/3570"}],"wp:attachment":[{"href":"https:\/\/www.extintoresdsa.com\/index.php\/wp-json\/wp\/v2\/media?parent=3523"}],"curies":[{"name":"wp","href":"https:\/\/api.w.org\/{rel}","templated":true}]}}